t f = 125 - 269. Calculate the remainder when 4/(-5) - (f/30 - 4) is divided by r.
2
Suppose 2*u = -h - 2*h, 3*u + 2*h = 5. Suppose u*r = -3*r + r. Suppose 2*l - 59 = 9*v - 4*v, 5*l + 4*v - 131 = r. What is the remainder when 77 is divided by l?
23
Suppose 52*i - 2*s - 315 = 5*i, 35 = i + 4*s. Suppose -4*p + z + 4 = 2*z, 14 = -p - 4*z. Calculate the remainder when i is divided by 1 - p*(-1)/2.
1
Let j = -33 + 36. Let v be 8/10*((-6030)/12)/j. What is the remainder when 28 is divided by (-2)/6 - (v/6 - -2)?
8
Suppose 169*f - 60492 = 46*f + 26346. Calculate the remainder when f is divided by 152.
98
Suppose -4*f = -0*f + a + 237, 3*a = -4*f - 247. Let h = f + 59. Let v(o) = 11*o**2 - 4*o + 3. What is the remainder when 39 is divided by v(h)?
9
Suppose -2*s = -2*m + 3*s - 19, 5*s - 41 = 3*m. Let q(n) = 2. Let j(u) = -7*u - 63. Let z(g) = j(g) + q(g). Calculate the remainder when z(m) is divided by 16.
13
Let a = 905 - 894. Let b(t) = t**3 - 8*t**2 + 6*t - 12. What is the remainder when b(a) is divided by 20?
17
Let v(s) = 3*s + 3123. Calculate the remainder when v(34) is divided by 66.
57
Let d = 89 - 99. Let n(m) = -2*m**3 - 16*m**2 + 4*m + 29. What is the remainder when n(d) is divided by 39?
38
Let m(y) = y**3 + 13*y**2 + 23*y - 13. Let l be m(-12). Let n = 338 + l. What is the remainder when n is divided by 39?
37
Let z(x) = -x**2 - 9*x + 107. Let k = 227 + -110. Let s = k - 50. What is the remainder when s is divided by z(6)?
16
Let d be 18 - -7 - 9/(-3). Suppose -17*l + 21*l - d = 0. What is the remainder when l is divided by 9/(81/2) - 50/(-18)?
1
What is the remainder when (-144124)/(-1841)*7/2 is divided by 10?
4
Let n be (-576)/(-22) - (-66)/(-363). Let k(c) = 24*c**2 + c. Calculate the remainder when k(-1) is divided by 7426/611 + (-4)/n.
11
Suppose -1972*m - 1984 = -2034*m. What is the remainder when 2/7 + 3552/14 is divided by m?
30
Let h = -32813 - -32955. What is the remainder when 447 is divided by h?
21
Suppose -18*n + 21*n + 905 = 4*q, q + 5*n = 232. Calculate the remainder when q is divided by 45.
2
Suppose -130*z + 31 + 1183 = -2036. What is the remainder when 85 is divided by z?
10
Suppose -11*o - 137 = -181. Let x = 16 - -67. What is the remainder when x is divided by o - 996/(-45) - 4/30?
5
Let a = -9 - -205. Let q = -5 + 27. Calculate the remainder when a is divided by q.
20
Let p(o) = -242*o - 31 - 242*o + 505*o. What is the remainder when 105 is divided by p(3)?
9
Let c = 32590 + -32358. Calculate the remainder when 329 is divided by c.
97
Let j(z) = 437*z - 4627. What is the remainder when 3040 is divided by j(11)?
160
Let p be 76/14 + (-3)/7. Suppose -p*h + 4*y = -235, -46 = -0*h - h + y. Calculate the remainder when h is divided by (-15 - 12)*(0 - 1).
24
Let w = -11513 + 11721. Calculate the remainder when 259 is divided by w.
51
Let y be (20064/42)/8 + 6/21. Suppose -y = 11*d - 13*d. What is the remainder when d is divided by 8?
6
Suppose -3*s = 3*m + 48 - 216, 0 = s + 5*m - 44. What is the remainder when s is divided by ((-11)/(-3))/(-2 - 35/(-15))?
4
Let g(v) = 2*v**2 - 149*v - 1939. Calculate the remainder when g(-13) is divided by 114.
108
Suppose -2*r + 541 = 5*h, -317 = -4*h + 4*r + 127. Calculate the remainder when h is divided by 8.
5
Let p = -269 - -452. Suppose -15*o = -5*b - 20*o + 105, -4*o - 8 = 0. What is the remainder when p is divided by b?
22
Suppose -2*n + 111 - 19 = 4*c, 5*n - 212 = -c. Let s(x) = x**2 - 16. Let j be s(0). Let i = j + n. What is the remainder when i is divided by 5?
1
What is the remainder when (128/(-48))/(0 + 4/(-1497)) is divided by 248?
6
Let k(w) = -w**3 - 5*w**2 - 4*w - 5. Let g = -1260 - -2275. Calculate the remainder when g/14*4/10 is divided by k(-5).
14
Let d be 290/(-8) + (-3)/(-12). Let n = 337 - 281. Let w = n + d. What is the remainder when 54 is divided by w?
14
Let b = -55 - -319. Let k = b - -574. Calculate the remainder when k is divided by 28.
26
Let p(q) = 9*q**3 + q**2 + q - 2. Suppose 0 = -w + 17 - 6, i + w + 4*w = 586. Calculate the remainder when i is divided by p(2).
75
Let c = -2122 + 2133. What is the remainder when 994 is divided by c?
4
Let h = 136 + 452. Suppose -4*f + 2*u + 526 = 0, 5*f + 5*u = 62 + h. What is the remainder when f is divided by 27?
23
Suppose 3*a - 429 = 387. Let q be (672/(-420))/(1/125). Calculate the remainder when a is divided by (q/36 - -6) + 982/18.
52
Suppose 352*c - 339*c - 897 = 0. Let l(f) = 3*f - 16. What is the remainder when c is divided by l(8)?
5
Suppose 13*a - 10*a - 2*i = 190, 0 = a - 3*i - 75. Let s(l) = 154*l**2 + 9*l - 9. Calculate the remainder when s(1) is divided by a.
34
Let o(r) = -275*r - 741. Calculate the remainder when o(-13) is divided by 63.
62
Suppose 3890 = 12*g - 6130. Let k = -808 + g. Calculate the remainder when 481 is divided by k.
22
Suppose 17*g - 13*g = 16. Suppose -2*v + v = -5, -452 = -2*l + g*v. What is the remainder when l is divided by 14?
12
Let f(i) = 2*i - 15. Let o be f(-9). Let v = o + 47. What is the remainder when 195 is divided by v?
13
Let o = -1542 - -1578. Suppose 295 = 3*q - 5*v, -2*q = -4*v - 49 - 147. What is the remainder when q is divided by o?
28
What is the remainder when 409 is divided by 876*(1503/(-108) - -14)?
44
Let m(c) = 5*c + 87. Let o be m(-7). Let d = o + -9. What is the remainder when d is divided by 5?
3
Suppose l + q - 131 = 0, -699*q + 695*q = -3*l + 421. What is the remainder when 732 is divided by l?
57
Let l(n) = -2*n**2 - 11 + 6*n + 4*n**2 + 3*n**2 - 4*n**2. Suppose -39 = -5*v - 14. What is the remainder when l(-10) is divided by v?
4
Suppose k + 6285 = 3*b, 4218 = -11*b + 13*b + 4*k. What is the remainder when b is divided by 210?
207
Let o = 3728 + -3003. What is the remainder when o is divided by (-270)/(-8) + 12/(-16)?
32
Calculate the remainder when 42 is divided by (-76)/95*(-3)/(-2)*800/(-48).
2
Suppose -60*j + 64*j - 180 = 0. Let b = 112 - j. What is the remainder when b is divided by 14?
11
Let x = -8628 - -8637. Suppose 4*r = 11 + 13. What is the remainder when x is divided by r?
3
Let f be 64/((10/(-75))/((-3)/(-15))). Let i = f + 126. What is the remainder when 88 is divided by i?
28
Let t = 875 + -871. Calculate the remainder when 12 is divided by t.
0
Let u be 20/10 - (35 - 1*-2). Let j = -25 - u. What is the remainder when (3 + -34 - -2)/(-1) is divided by j?
9
Suppose 5*m = 6*m - 24. Let w(h) = -2*h**3 + 33 + 2*h**3 + 24*h**2 - h - h**3 + 0*h**3. Calculate the remainder when 41 is divided by w(m).
5
Let l = 207899 + -207614. What is the remainder when l is divided by ((-1)/3)/((-2)/42)?
5
Let w = 163 + -168. Let g(u) = 9*u + 56. Calculate the remainder when 63 is divided by g(w).
8
Let j(h) = h**3 + 29*h**2 - 2445*h - 159. Let n = -77 - -217. Calculate the remainder when n is divided by j(-66).
23
Let c(i) = -4*i + 69. Let t(y) = y**2 + 8*y - 7. Let f be t(-10). Suppose 3*k - 83 - 16 = 0. What is the remainder when k is divided by c(f)?
16
Suppose 25*t + 4010 + 265 = 0. Let j = -131 - t. Calculate the remainder when 357 is divided by j.
37
Let d(n) = n + 12. Let j be ((-2)/4)/(2/68). Let h be d(j). Let c = 14 + h. What is the remainder when c is divided by 3?
0
Suppose 0 = -2*l + 5*a - 2, l + 3*a + 2 - 12 = 0. Calculate the remainder when (-22)/(-55)*(-1 - -31) is divided by 2*(22/l + -3).
2
Let l = 8139 + -7727. What is the remainder when l is divided by 8?
4
Let n = 22 - 19. Suppose 0*i + 18 = 3*c - n*i, -3*i = 0. Suppose c = h - 13. Calculate the remainder when 90 is divided by h.
14
Let i be (-3)/((-36)/16)*-3. Let y be (i/(-5))/(6 - 28/5). Suppose 3*v - 24 = y*t, -5*v + 40 = -3*t + 6*t. What is the remainder when 63 is divided by v?
7
Let a(n) = n**3 - 11*n**2 - 25*n + 256. What is the remainder when 212 is divided by a(12)?
12
Let l = -33855 - -34023. Suppose -2*b + 204 = b. Suppose 3*o = 3*h - 5*h + b, -4*o = 0. What is the remainder when l is divided by h?
32
Suppose 4*x = 3*c + 8570, -2*c - 3*c = -5*x + 10720. What is the remainder when x is divided by 356?
2
Let f = 328 + -314. Calculate the remainder when (-4)/12*-3*164 is divided by f.
10
Let z(v) = v**3 - 11*v**2 + 11*v. Let b be z(10). Suppose -102 = b*g + 318. Let f = 68 + g. Calculate the remainder when 73 is divided by f.
21
Let q = 605 - 599. Let f = 36 - 18. Suppos